2 - 90*q + 0 - 1/6*q**3. Suppose 5*o - z + 42 = 0, -4*z = -o - 3*z - 6. What is w(o)?
4
Let f(d) = 22*d - 10. Let l(t) = -t + 1. Let c(w) = f(w) + 11*l(w). Give c(1).
12
Let c(y) be the third derivative of 0*y + 0 + 1/24*y**4 + 21*y**2 - 2/3*y**3. What is c(6)?
2
Let u(g) be the first derivative of -g**2/2 - 6*g - 1431. Calculate u(7).
-13
Let c(a) = -6 + a**3 + 0*a**3 + 1 - 4*a**2. Let y be -14 + 16 + 9*-36. Let d = y + 327. What is c(d)?
20
Let o(n) be the second derivative of -n**4/6 + n**3/6 - 4*n**2 - 30*n. Let g be o(-4). Let s = g + 42. Let d(k) = k**2 - 3*k - 1. What is d(s)?
9
Let c(o) = -o + 14. Let b = 453 - 426. Suppose 0 = -3*p + 3*u + b, p - 5*u + 6 + 5 = 0. Determine c(p).
0
Suppose -130 + 172 = -5*c + 2*g, c + 13 = 5*g. Let b(d) = -9*d + 7. Determine b(c).
79
Let x(j) = -8*j - 11. Let m(z) = 9*z + 12. Let w(r) = 5*m(r) + 6*x(r). Let o be w(-2). Suppose o = 4*a - 14 - 22. Let v(q) = q - 10. Give v(a).
-1
Let w(x) = x**2 - x + 9. Let u be (484/(-726))/(2/12). Determine w(u).
29
Let k(o) = 11*o - 5. Let b(g) = g**2 + 26*g + 43. Let z be b(-24). Let x(y) = -5*y + 3. Let i(v) = z*x(v) - 2*k(v). Calculate i(3).
4
Let z(t) = -11*t**2 - 164*t + 8. Let a(y) = 4*y**2 + 60*y - 3. Let m(o) = -8*a(o) - 3*z(o). Determine m(-4).
-32
Suppose -2*x = -5*l - 23, -5*x - l + 35 = -6*l. Let z(p) = 4*p**2 + x*p**2 - p**2 - 9*p - 6*p**2. Give z(9).
0
Let a(b) = b - 1. Let p(x) = 2*x - 2. Let m(u) = -3*a(u) + 2*p(u). Suppose -4*c = -2*c + 4*y + 42, 0 = -2*c + y - 52. Let o = c - -24. Calculate m(o).
-2
Let m(y) be the first derivative of -y**4/4 - 14*y**3/3 - 4*y**2 + 42*y - 9842. Calculate m(-13).
-23
Let n = -60 + 49. Let z(u) be the third derivative of -u**4/24 + 4*u**3/3 + 44*u**2. Determine z(n).
19
Let q be 6/(-3)*1 + 3. Let a be q/(2/12*-2). Let b(u) = 1119*u + 4 + u**2 - 2226*u + 1112*u. Calculate b(a).
-2
Let a(y) be the first derivative of 2*y**3 + 167*y**2/2 - 17*y + 9494. What is a(-28)?
11
Let k(t) = t**2 + 7*t - 9. Suppose -9*x + 2 = 38. Let u be x - (3 - 1/(2/(-6))). What is k(u)?
21
Let r(w) = -38*w**2 + 29*w + 3. Let u(g) = -g**3 - 27*g**2 + 2*g. Let c(i) = -r(i) + u(i). What is c(7)?
4
Let h(k) be the second derivative of k**7/2520 + k**6/720 + k**4 - k**2/2 - 44*k. Let p(r) be the third derivative of h(r). Determine p(-2).
2
Let p(i) = -92*i + 238. Let r(c) = 11*c - 48. Let w(u) = -2*p(u) - 11*r(u). Determine w(-1).
-11
Suppose -10*b + 54*b = 26*b. Let v(m) = -m**3 + m**2 + 6*m + 36. Determine v(b).
36
Suppose 0 = -4*s + n + 7, 9*s + 3*n - 18 = 8*s. Suppose 4*k - 16 = u, 40 = -s*u + 44*k - 40*k. Let a(c) = -c**2 - 13*c - 1. Calculate a(u).
11
Let p(r) be the third derivative of -r**6/120 - r**5/6 + r**4/2 + r**3 + 1282*r**2. Give p(-11).
-5
Let f(y) = 40*y - 32. Let a be 23/345*-5*-3. Determine f(a).
8
Let q(l) = l**3 - 3*l**2 + 4*l + 8. Suppose 20 = -4*t + 24. Let p(h) = h + 1. Let k(n) = t*q(n) - 5*p(n). Determine k(2).
-3
Let u(h) = 212*h + 2*h**2 + 5 - 2*h**2 + h**2 - 214*h. Determine u(0).
5
Let c(k) = 10*k - 10. Let z be c(3). Let i(r) = -z*r + 4 - 5 - 20*r + 31*r. Give i(2).
-19
Let u(l) be the second derivative of -12 - 10*l**2 - l - 1/6*l**3. What is u(-15)?
-5
Let s(j) = j**2 - 23*j - 13 - 4*j**2 - 5*j + 22*j. Give s(-4).
-37
Let d(s) = -s**3 - 4*s**2 + 3*s + 11. Suppose 2*f = -4*t - 14, -4*t + 5*t - 4*f + 8 = 0. Let u be d(t). Let o(l) = -3*l**3 - l**2 - l. Give o(u).
3
Let k(x) be the first derivative of x**4/4 - 2*x**3 + 5*x**2/2 - 8*x - 13. Suppose 0 = 5*j + 3*m - 39, 64*m = j + 67*m - 15. Calculate k(j).
22
Let y(v) = -11*v**3 - v - 1. Suppose 532 = -18*i + 25*i. Let k = -92 + i. Let b(g) = -g**2 - 14*g + 31. Let d be b(k). Determine y(d).
11
Let m(z) = z**2 - 6*z - 5. Let n(q) = -7*q**3 + 2*q. Let i be n(-2). Let p = 55 - i. Suppose 4*u + p*v = 7*u - 9, -5*v + 15 = u. Determine m(u).
-10
Suppose -72 = -76*q + 112*q. Let u(b) = -9*b**3 - 2*b**2 + 3*b + 2. What is u(q)?
60
Let y(k) be the first derivative of k**3/3 - 8*k**2 - 57*k + 1355. What is y(17)?
-40
Let n(i) = i**3 + 8*i**2 + 9*i - 5. Let o = -27 + -24. Let j = 53 + o. Suppose 7 = b - j*b - 4*g, -4*b - 28 = -2*g. What is n(b)?
-19
Let y(f) = 24*f - 40. Let n be y(4). Let q = n - 61. Let j(i) = i**2 + 5*i + 6. Determine j(q).
6
Let d(t) = 2*t - 11. Suppose -5*w + 3*h + 203 = 0, 2*w + 119 = 5*w + h. Suppose 50 = -10*j - w. Determine d(j).
-29
Let r(q) = -21*q - 5. Let m(t) = -154*t - 36. Let p(x) = 2*m(x) - 15*r(x). Suppose -69*c + 20 = -74*c. What is p(c)?
-25
Let y = -52811/3 - -17604. Let t(f) be the third derivative of 3/8*f**4 + 0*f + 0 - 6*f**2 + y*f**3. Calculate t(-2).
-16
Let q(a) be the second derivative of -a**5/20 + 13*a**4/12 + a**3/6 - a**2/2 + 2*a. Suppose -57 = -3*u - 2*k, 3*u = -3*k - 37 + 103. Calculate q(u).
12
Suppose -3 = 4*z - 11, 0 = 2*b - 2*z. Let o(p) = 14*p**2 + 0 - 4*p - 13*p**b - 6*p - 8. Determine o(9).
-17
Let o(g) be the third derivative of g**4/12 + 9*g**3/2 - 623*g**2. Determine o(-8).
11
Let o(t) be the first derivative of t**3/3 + 17*t**2/2 + 76*t + 2727. Give o(-9).
4
Let f(z) = 3*z**2 + 5*z - 1. Let l(q) = -35*q - 135. Let j be l(-4). Let g(y) = y - 1. Let a(d) = j*g(d) - f(d). What is a(-3)?
-31
Let f(h) = h**3 - 4*h**2 + 10. Let v(l) = 134*l - 2140. Let t be v(16). Determine f(t).
10
Suppose 8 = -z - 2. Let t = z + 6. Let l(k) = -k**3 + 32*k + 35*k - 61*k + 3 - 3*k**2. Give l(t).
-5
Let p(w) = -w + 32. Let t(u) = 2*u - 48. Let g(z) = -8*p(z) - 5*t(z). Determine g(6).
-28
Let q(l) = -2*l + 23. Let x(p) = -7 + 78*p - 4 + 77*p - 154*p. Let b(f) = -4*q(f) - 9*x(f). Give b(0).
7
Let m(s) = -s**2 - 5*s + 14. Let t(b) = 18*b + 510. Let h be t(-28). Give m(h).
-52
Let s be (-3)/(-7 - -4) - -1. Let v(d) = -1 + 15*d**2 - s - 4 + 2*d**2 - 8*d**2 + 9*d + d**3. Give v(-8).
-15
Let j(r) = r**2 - 102*r - 5656. Let n be j(142). Let u(k) = k**2 - 30*k + 47. Give u(n).
-97
Let m(j) = -2*j**2 + 3*j - 7. Let a(i) = 5*i**2 - 13*i + 13. Let p(d) = 3*a(d) + 8*m(d). Give p(-12).
19
Let r(d) = 161*d + 47. Let y(u) = -35*u - 2. Let x(v) = -r(v) - 4*y(v). Give x(-6).
87
Let w(b) = 1642*b + 31190. Let l be w(-19). Let u(z) be the second derivative of -z**3/6 - 9*z**2/2 + 2*z. Give u(l).
-1
Suppose -1 - 6 = m + 4*r, 0 = m + 2*r + 3. Let d(l) = 5*l**2 + l. Calculate d(m).
6
Let d(l) be the second derivative of -98*l + 1/2*l**2 + 0 + 1/2*l**3. Give d(4).
13
Let x(r) = 4*r - 6. Let l(q) = -q**2 + 26*q + 99. Let g be l(29). Let v be 1 + (g/4 - 0). Determine x(v).
10
Let o(w) = -4*w - 123. Let k be o(-28). Let g(n) = -2*n + 8. Calculate g(k).
30
Let u(a) = -7*a**2 - 6*a - 10. Let b be (-7)/5*(-20 - -25). Let t(o) = -16*o**2 - 12*o - 20. Let x(g) = b*u(g) + 3*t(g). What is x(-5)?
5
Let v(z) be the second derivative of z**5/20 - 7*z**4/12 - z**3/6 - 15*z. Let i = 64 - 60. Suppose 5*g + 2*m - 39 = 0, -9*m + i*m + 38 = 4*g. Determine v(g).
-7
Let g(n) = n**3 - 14*n**2 + 11. Suppose 2705*y = 2698*y + 6685. Let k = 969 - y. What is g(k)?
11
Let f(x) be the third derivative of -x**6/120 - 11*x**5/30 + 49*x**4/24 + 23*x**3/6 + 73*x**2 + 8*x. What is f(-24)?
-1
Let q(h) = -887*h**3 + 6 - 4 + 886*h**3 + 4*h + 3*h**2. Suppose 7*n - 3*n = 12, -3*n = r - 13. What is q(r)?
2
Suppose 2*g - 3 = -5*f - 1, -2*f - 2*g + 2 = 0. Suppose -m + w = -1, f = -m + 3*w + 21 - 12. Let y(a) = 6*a + 3. Calculate y(m).
-15
Let c be (-3)/((-18)/(-4)) - 45/(-189)*7. Let i(k) = -71*k**3 - 3*k**2 + 1. Calculate i(c).
-73
Let m be 45/((-3240)/(-48))*3/2*-1. Let c(t) = -9*t - 9. Calculate c(m).
0
Let q(n) = n - 19. Let d be (5 - (-16)/4) + (-1 - -1). Suppose 0 = -3*v, -5*h + d*v = 14*v. What is q(h)?
-19
Let t(q) = 570*q - 48 - 554*q - 33. Let x be t(5). Let m(w) = -26*w**2 + w. What is m(x)?
-27
Let f(p) = p**3 - 18*p**2 - 17*p - 40. Let o(m) = -75*m + 169. Let x be o(2). Give f(x).
-2
Let p(c) = -3*c**2 + c - 3. Let g(d) = -d**3 + 15*d**2 - 4*d - 1. Let o(j) = -g(j) - 5*p(j). Determine o(-3).
-8
Let h(m) = 4*m - m - 7 - 3. Let w = -75074 - -75069. Give h(w).
-25
Let i(s) = 4*s - 31. Suppose 35 + 49 = 12*b. Let h be i(b). Let u(a) = -a**3 - 3*a**2 - 4. Determine u(h).
-4
Let p(r) = -7*r**2 - 7197*r - 34. Let f(i) = 4*i**2 + 3926*i + 18. Let v(b) = 11*f(b) + 6*p(b). Let s(y) = -3*y + 1. Let m be s(2). Determine v(m).
24
Let m(l) = -l**2 + 10*l + 11. Let j(v) = 36*v + 3. Let c be j(0). Suppos